s digit of -8*(w - (-26)/(-8))?
1
Let z be (-2)/(13/11 + -1). Let y = 15 + z. Suppose -2*q = 2*p - q - 23, y*q + 7 = p. What is the tens digit of p?
1
Suppose 4*u - 2*v = -6, -4*v + 3 - 2 = 3*u. Let g(c) = -4*c + 1. What is the units digit of g(u)?
5
Suppose 6*o = -25 + 103. What is the tens digit of o?
1
Let g = 18 + -78. Let r = -32 - g. What is the units digit of r?
8
What is the units digit of 9*(-3 + (-16)/(-4))?
9
Let c(s) = -17*s + 6. What is the tens digit of c(-6)?
0
What is the units digit of 262/7 + (-12)/28?
7
Let g(r) = -14*r - 10. What is the units digit of g(-6)?
4
Suppose 0 = -4*y - 5*f + 10, -y - 5*f + 0 - 5 = 0. Suppose -23 = -4*s + y. What is the units digit of s?
7
Let y = 508 + -306. What is the units digit of y?
2
Let x(i) = -2*i + 3*i + i**2 + 0*i**2 + i**3 + 12 - 2*i**2. What is the tens digit of x(0)?
1
Let v = 9 + -7. What is the units digit of v?
2
Let y = -5 - -7. Suppose k = 2*g + 28, -3*k + 5*k = y*g + 52. What is the tens digit of k?
2
Let d be (-1 - 50/2)/(2/(-2)). Let a(s) = 11*s**2 + 1. Let u be a(-1). Suppose -2*n = -d - u. What is the tens digit of n?
1
Suppose -8*f + 1281 = -f. What is the hundreds digit of f?
1
Let j(f) = 0 + 3 - 4 - f**2. Let i(n) = -6*n**2 - 2*n - 6. Let m(p) = -i(p) + 5*j(p). What is the units digit of m(2)?
9
Suppose 4*j - 1 = 5*y, 5*y - 26 = -3*j + 1. Suppose v = -j, -n - n = 5*v + 14. Suppose 0 = -3*u + 18 - n. What is the units digit of u?
5
Suppose -490 = -9*z + 725. What is the tens digit of z?
3
Suppose -3*q - 48 = 15. What is the units digit of (-140)/(-6) - (-7)/q?
3
Let p be 3/((27/21)/3). Let c = -3 + p. What is the units digit of c?
4
Let l = 7 + 145. What is the units digit of l?
2
Suppose 28*s - 150 = 26*s. What is the tens digit of s?
7
Suppose 2*d - 80 = -3*d. Let o = -8 + d. What is the units digit of o?
8
Suppose -5*n - 6*n + 2453 = 0. What is the tens digit of n?
2
Let n = -4 - -8. Suppose 0 = 3*v - n*v + 7. What is the units digit of v?
7
Let o = -279 - -112. Let r = -115 - o. Suppose -f = 3*f - r. What is the units digit of f?
3
Let k(t) = -9*t**3 - 4*t**2 - 2*t + 1. Let x be 5*(-6)/15*1. Let d be k(x). Suppose -g - 4*o - 36 = -5*g, 0 = 5*g + 3*o - d. What is the units digit of g?
1
Suppose 5*y + 2*u - 12 = 13, 3*y = 5*u + 15. What is the units digit of y?
5
Let l = 100 + -61. What is the units digit of l?
9
Let j(v) = 10*v**2 + v. Let c be j(1). Suppose i + i = -p + c, -4*p = 5*i - 23. What is the units digit of i?
7
Let k(u) = 7*u**2 + u - 1. Let w = 11 + -13. What is the tens digit of k(w)?
2
Let a(o) be the third derivative of -3*o**4/8 + o**2. Let t = 51 - 52. What is the units digit of a(t)?
9
Let j(g) = 3*g**2 - 5*g - 3. Let u be j(4). Suppose 0 = 5*d - u, 5*m - 2*d = -6*d + 25. What is the units digit of (7 - 2) + m/1?
6
Let v = -3 + 6. Suppose 0 = 4*k + 2*g - 72, 4*g + 0*g + 60 = 4*k. Suppose k = 2*o - v. What is the units digit of o?
0
Let t(y) be the third derivative of 3*y**4/8 - y**3/3 + 3*y**2. What is the tens digit of t(3)?
2
Suppose 5*i + 2*y - 568 = -0*y, -458 = -4*i + 2*y. What is the hundreds digit of i?
1
Suppose -7 + 1 = -3*q. What is the units digit of (-4)/(-2)*4 - q?
6
Let s(r) = -r**3 - 32*r**2 - 62*r - 11. What is the tens digit of s(-30)?
4
Suppose -14 + 2 = -4*w. Suppose -5*m + 106 = -4*b, -b = -m + w*m - 45. What is the tens digit of m?
2
Let t(y) = -y**2 + 11*y + 14. Let g be t(12). Suppose -6*f = -g*f - 36. What is the units digit of f?
9
Suppose -5*z = 62 - 297. What is the tens digit of z?
4
Let m(t) = 9*t**3 - 3*t**2 + 2. What is the tens digit of m(2)?
6
Suppose 0 = -18*q + 8*q + 2510. What is the units digit of q?
1
Let w(x) = 4*x**2 + 3*x + 3. Let k(a) = -a + 1. Let j be k(3). What is the tens digit of w(j)?
1
Suppose 3*j + 16 = 4*q - 0, -5*j = 2*q - 8. Suppose -2*x + x - 5*d + 12 = j, 8 = 2*x + 2*d. Suppose 4*y - x = 6. What is the units digit of y?
2
Suppose 0*d - 5*d = -60. Suppose -y = -3*l + 3*y - d, 0 = -4*l - 4*y - 16. What is the units digit of l/3*(-3)/2?
2
Suppose -3*q + 5*q = 6. Suppose 0 = 3*i - d - 46, 2*d + 65 = 4*i - q*d. What is the units digit of i?
5
Let f(q) = -93*q + 6. What is the units digit of f(-1)?
9
Suppose -7*l + 608 = 3*r - 3*l, 2*l = 2*r - 382. What is the tens digit of r?
9
Let v(x) = 9*x**2 - 4*x**3 + 2 + 9 + 5*x**3 + 7*x. Let c be v(-8). Suppose c - 1 = 2*g. What is the units digit of g?
9
Suppose 2*f - 4*f = -2*m, 0 = -4*m + 2*f - 10. Let r(i) = -6*i + i**2 + 3 - 5 + 7 - 2*i**2. What is the units digit of r(m)?
0
Let d be 2/((-2)/(-4)*4). Let l(u) = u**2 - 2*u + 1. Let x be l(d). Suppose x = n - 8 - 2. What is the units digit of n?
0
Let a be (16/(-5))/((-1)/(-10)). Let c = -6 - a. What is the units digit of c?
6
What is the tens digit of (-255 + 5 + -3)/(-1)?
5
Suppose 3*d + 4*p = 162, 4*p = 9*p. What is the tens digit of d?
5
Suppose r = 5*g + 1, 6*r - 3*g - 11 = 5*r. What is the units digit of r?
6
Let r be (5/10)/((-1)/(-4)). Suppose 0*t = r*t - 6. Suppose -t*z - 7*p = -2*p + 10, 2*z - p = 15. What is the units digit of z?
5
Let g = 58 + -38. What is the units digit of g?
0
Let m = 202 + -125. What is the tens digit of m?
7
Suppose -1 + 17 = 4*d. Suppose -5*n - 5*h = 65, d*n = -h - 13 - 39. Let p = -4 - n. What is the units digit of p?
9
Let m = -86 - -145. What is the tens digit of m?
5
Let l be 2/(-3)*9/(-6). Let f be (-12)/l*1/(-1). Suppose 2*z + u = 20, u - f = -3*z + 4*u. What is the units digit of z?
8
Let u be 16/(-28) - (-312)/7. Suppose 3*o = o + u. What is the tens digit of o?
2
Let g(o) = o - 1. Let s be g(1). Let b = s + 8. Suppose -2*w - 3*u = -27, 3*u = 3*w + u - b. What is the units digit of w?
6
Let t = 22 + -37. Let w = t + 31. What is the units digit of w?
6
Let o = -2 + 2. Suppose o = -3*y + 6 - 0. Suppose -y*i + 12 = -2. What is the units digit of i?
7
Let z(m) = -m**2 - 7*m + 6. Let i be z(-7). Suppose 4*c - 4*a - 2 = i*c, -25 = -5*c - 4*a. Suppose -2*l + c = 5. What is the units digit of l?
2
Suppose 4*x + 4 = 3*c + 11, 22 = 2*c + 4*x. Suppose 4*u = -c + 11. Suppose -u*d + 3 + 1 = 0. What is the units digit of d?
2
Suppose -2 + 0 = -z. Let t be (4 - 2) + (2 - z). Suppose 2*x - 22 = g, -36 = -2*x - 2*x - t*g. What is the units digit of x?
0
Let f = 5 - 3. Suppose -27 = -2*k + 2*s + 21, 5*s = -f*k + 34. What is the tens digit of k?
2
Suppose n - 68 = 2*r - 4*r, 0 = 4*r - 5*n - 164. What is the units digit of r?
6
Let z be 34/(1*2/4). Let v = z + -37. What is the tens digit of v?
3
Let d(q) = -2*q + 1. Let u(s) = s**2 - 7*s - 4. Let a be u(8). Suppose 2 = -a*o - 2. What is the units digit of d(o)?
3
Let o = 4 + 0. Suppose -1 = 5*z - 16. Suppose 5*u + z*x - 64 = x, 0 = 3*u + o*x - 44. What is the tens digit of u?
1
What is the units digit of ((-2)/4)/((-6)/48)?
4
Suppose 2*j = -5*z + 675, -5*j + 31 = 6. What is the units digit of z?
3
Suppose 5*c = 4*s - 26, 0 = -4*c + 3*c - 2. Suppose s*x - 275 = -87. What is the tens digit of x?
4
Let k(p) = -p**3 + p**2 - p + 15. Let y be 1*(3 + -3)/2. What is the tens digit of k(y)?
1
Let t = -55 - -81. Let w = -15 + t. What is the units digit of w?
1
Let o(q) = q**3 + 5*q**2 - 2. Let t be o(-5). Let n be (8 - 2)*t/(-4). Suppose -2*p - d - n*d = -22, 4 = d. What is the units digit of p?
3
Suppose h = -h. Suppose h = -b + 9 - 0. What is the units digit of b?
9
What is the units digit of 4/(-1)*130/(-40)?
3
Let y(r) = -r**3 - 11*r**2 + 6*r - 17. What is the tens digit of y(-12)?
5
Let j(d) be the third derivative of -d**4/24 + d**3 + 2*d**2. Let s be j(4). Suppose 0*i - s*i = -18. What is the units digit of i?
9
Let k(f) be the second derivative of -2*f**3/3 + f**2/2 + f. What is the units digit of k(-1)?
5
Let z(l) = l**3 - 4*l**2 + 5*l - 5. What is the tens digit of z(7)?
7
Let q = -12 - -39. Suppose 0 = -9*b + 4*b - 60. Let s = b + q. What is the tens digit of s?
1
Suppose -4*q + 2*n = -14 + 2, -2*n + 2 = 3*q. Suppose -q - 1 = -3*f. What is the units digit of f?
1
Let j(l) = -l - 8. Let z be j(-10). Suppose 2*k + z*s = 3*s, 0 = -3*k - 3*s + 18. What is the units digit of k?
2
Let w(y) be the first derivative of y**2/2 - 11*y + 2. Let s be w(9). What is the units digit of (15/10)/(s/(-4))?
3
Let v(l) = -2*l + 4 + 2*l**3 - 3*l**2 - l**2 + 5*l. What is the tens digit of v(3)?
3
Suppose 408 = 2*i + 46. What is the tens digit of i?
8
Le